- 22 = -3*u. Give q(j).
2
Let n(v) = v**3 - 6*v**2 + 6. Let a(h) = 4*h + 1. Let x be a(1). Suppose 0 = -7*t + x*t. Suppose t = 17*f - 14*f - 18. Calculate n(f).
6
Let q(z) = -90*z**2 - 90*z**2 + 2*z - 85*z**2 + 266*z**2 + 1 + 8*z**3. Let t(w) = w**2 - 6*w - 1. Let o be t(6). What is q(o)?
-8
Let x(f) = -6*f + 2. Let s(j) be the first derivative of -1/4*j**4 + 5/3*j**3 - 13 - 3*j**2 + 3*j. Let l be s(3). What is x(l)?
-16
Let v(c) = c**2 - 9*c + 10. Let n be v(7). Let y(x) = 22*x**2 + 133*x - 35. Let t(h) = -3*h**2 - 18*h + 5. Let k(r) = -15*t(r) - 2*y(r). What is k(n)?
-5
Suppose 0 = -2*t - t + 4*p + 98, 0 = -t - 3*p + 24. Suppose -t*k = -26*k - 5*i - 50, -3*i - 6 = 0. Let a(c) = -c**2 + 14*c + 7. Determine a(k).
47
Let q(a) = -193437*a + 96718*a + 0 - 7 - a**2 + 96728*a. Let m = 17 + -10. Give q(m).
7
Let t(d) = 6*d**2 - 3*d - 2. Suppose 2*l + 441 = -4*f - 267, 4*f + 1800 = -5*l. Let j = l + 363. What is t(j)?
7
Let d be (-2)/((-32)/372) - (-3)/(-12). Let x(u) = -3*u**2 + 68*u + 29. Let s be x(d). Let j(k) = -3*k + 3. What is j(s)?
-15
Let z be (-3)/((1 - 3) + 3). Let x(y) = 3 - 16357*y + 2*y**2 + 16362*y - 5 + 5. Give x(z).
6
Let c(y) = -3*y**3 - 182*y**2 + 250*y + 120. Let o be c(-62). Let r(f) = f + 2. Give r(o).
-2
Let g(r) be the third derivative of r**4/8 - r**3/6 + r**2. Let y(k) = -k**2 - 9*k - 66. Let t be y(-17). Let w = 203 + t. What is g(w)?
2
Let m = -2 + 2. Suppose -5*z + m*z = 35. Let g(i) = -59*i + 12. Let c(j) = 17*j - 3. Let r(t) = -7*c(t) - 2*g(t). Calculate r(z).
4
Let q be 6161/707 - (-4)/14. Let i(d) = -d**3 + 12*d**2 - 24*d - 2. Calculate i(q).
25
Let u = -36 + 41. Suppose 3*b = 2 - u. Let o(i) = -1117*i + 2 - 3 + 1120*i. Give o(b).
-4
Let c(d) = -5*d**2 + d + 1. Let n be 10/(-20)*546/(-3). Let z = n + -89. Give c(z).
-17
Let g be -1*(-1)/2*-4. Let s be 9/g - (-5)/10. Let y(f) be the second derivative of f**3/6 - f**2 - 2*f + 879. Give y(s).
-6
Let s(i) be the first derivative of -136 - i**3 - 5/2*i**2 + i + 1/4*i**4. Let x = -9 - -13. Determine s(x).
-3
Let p(o) = 17*o - 37. Let a(v) = 46*v + 223. Let m be a(-5). Let c(f) = 24*f - 55. Let t(n) = m*p(n) + 5*c(n). Give t(11).
-5
Let r(b) = 4*b**3 + 48*b**2 - 287*b - 54. Let q(j) = j**3 - 2*j**2 + 3*j + 2. Let i(f) = -3*q(f) + r(f). What is i(-59)?
-1
Let b(s) = 2*s**3 + 2*s**2 - 43*s + 14. Let h(r) = r**3 - r**2 - 12*r. Let p(k) = -b(k) + 3*h(k). Determine p(4).
-2
Let z(o) = 31*o**2 - 2*o + 2. Let x(n) = 56*n**2 - 3*n + 4. Let l(i) = -5*x(i) + 9*z(i). Calculate l(-3).
-2
Let b = 300 + -283. Let f = b - 16. Let j(a) = -1 - 4*a + 0*a + 3*a. Determine j(f).
-2
Let h(g) = -g**2 - 11*g + 2. Let u(n) = 77 - 2*n**2 - 20 - 36. Let o be u(-4). What is h(o)?
2
Suppose -3*b = -2*z - 6, 0 = -3*z - 9. Let q be (-2)/(3 + -2 + b). Let r(l) = l**2 - l**3 - 6 - 5*l**2 + 11 - 6. Give r(q).
-9
Let p(m) = 2*m + 1. Let k be (-86 + 7)*(-5 - 0). Let f = 400 - k. Give p(f).
11
Let s(p) = -p**2 - p. Suppose -20*i + 77 = -23. Calculate s(i).
-30
Let d = 1653 + -1652. Let z(c) = -c**2 - 10*c + 10. What is z(d)?
-1
Let k = 354 + -199. Let o = k - 152. Let c(n) = -n**2 - n. Give c(o).
-12
Let g be (-1)/((-364)/92 + 4). Let h = -15 - g. Let v(r) = 1 - 1 - 2*r + h. Determine v(7).
-6
Suppose -2 = 2*j + 4*k - 0, 5*k = -j - 13. Let o(y) = -1 + j + 179*y - 182*y. Determine o(-5).
21
Suppose 61*g = 32*g + 667. Suppose -g*r + 28*r - 38 = 3*p, 18 = 3*r + 3*p. Let d(m) = -2*m**2 + 13*m - 4. What is d(r)?
-11
Let u(t) = -10*t**3 + 343*t**2 + 5*t - 185. Let k(s) = 2*s**3 - 70*s**2 - s + 37. Let g(c) = 11*k(c) + 2*u(c). What is g(42)?
-5
Suppose 3185 = -18*d + 3113. Let w(h) = -2*h**3 - 8*h**2 - 9*h + 3. What is w(d)?
39
Let i be (12 - (8 + -4)) + -1. Suppose 3*j - 20 = i*j. Let z = -1 - j. Let f(b) = -b**3 + 3*b**2 + 2*b + 5. Calculate f(z).
-3
Let o(m) = -m**2 - 3*m + 1. Let l(a) = 2*a**2 + 6*a - 2. Let h = 757 - 770. Let j(p) = h*o(p) - 6*l(p). Let b = -8 - -4. Determine j(b).
3
Let f(a) = -463 - 2*a**2 + 261 + 203 - 6*a + a**3. Determine f(4).
9
Let a(t) = 27*t**3 + 13*t**2 + 9*t + 129. Let j(u) = 5*u**3 + 3*u**2 + 2*u + 26. Let h(q) = 2*a(q) - 11*j(q). What is h(-7)?
0
Let r = -33 - -40. Let k(u) = -15*u**2 - 12 + r + 16*u**2 - 2*u + 6. Give k(3).
4
Let v(y) be the second derivative of -8*y**3/3 + 78*y**2 - 5*y - 1392. Calculate v(11).
-20
Let i(f) be the first derivative of -10*f + 6*f**2 - 1/3*f**3 + 17. What is i(8)?
22
Let m(v) = -636*v**2 + 11*v + 643*v**2 - v**3 - 13*v + 4. Calculate m(4).
44
Suppose 4*a - 3*a = -1, -2*w = -4*a + 22. Let k(c) = c**3 + 14*c**2 + 13*c + 19. Determine k(w).
19
Let t(p) = 9*p**2 - 6*p + 3. Let k(x) = 9*x**2 - 6*x - x - x**2 - x**2 + 3. Let d(r) = -5*k(r) + 4*t(r). Give d(-12).
9
Suppose -48*d - 155*d + 3213 = -50*d. Let o(c) = -c**3 + 22*c**2 - 18*c - 74. Calculate o(d).
-11
Let k be (9 - 5) + (-3 - (1 - 6)). Let j(y) = 7 - 2*y - 4*y + 3*y. What is j(k)?
-11
Suppose 2*i = 20*u - 21*u + 19, u = 5*i - 30. Let w(o) = o**3 - 6*o**2 - 2*o - 30. Calculate w(i).
5
Let y(k) = 4*k + 50. Let b(o) = o**3 + 7*o**2 - 10*o - 20. Let z be b(0). Calculate y(z).
-30
Let d(m) = 11*m - 8*m**2 + 9*m**2 - 50*m - 29 + m + 13*m. Give d(26).
-3
Let n(s) = -25*s - 14 + s**3 - 18 + 6 - 10 - 12*s**2. Let k be n(14). Let m(i) = -2*i + 1. Give m(k).
-11
Let x(t) be the first derivative of t**3 + 3*t**2 - 2*t + 4608. Let y(u) = u + 1. Let z be y(-5). Give x(z).
22
Let d(w) = 2*w - 11. Let v = -9842 - -9851. What is d(v)?
7
Let o(g) = g**3 + 10*g**2 + 2*g - 11. Suppose -949*w + 941*w = 80. Calculate o(w).
-31
Let j = 3437 + -3458. Let m(f) = f**2 + 22*f + 20. What is m(j)?
-1
Suppose -1508 + 1586 = 13*u. Let q(d) = -2*d - 8. Calculate q(u).
-20
Let f(u) = -7*u**2 + 28*u - 68. Let a(b) = 13*b**2 - 54*b + 123. Let s(v) = 6*a(v) + 11*f(v). Calculate s(17).
7
Let r = 29 + -27. Let j(g) be the first derivative of 15*g**2 - 7*g + 0 - 17*g**r - 2 + 13. Calculate j(-6).
17
Let a(c) be the second derivative of c**5/10 - 2*c**4 - c**3 + 9*c**2 + 10973*c. What is a(12)?
-54
Suppose -64*k + 45*k + 38 = 0. Let t(p) = -15*p**2 - p + 17*p**2 + p**2 + k. Determine t(-2).
16
Suppose -7*d + 6*d - 2 = 0. Let j(h) be the second derivative of -h**2 - 36*h - 1/2*h**3 - 2. Give j(d).
4
Let z(q) be the third derivative of q**5/60 - 5*q**4/12 - 5*q**3/3 + 7*q**2. Let d(f) = -f**3 + 8*f**2 + 23*f - 19. Let c be d(10). Give z(c).
1
Let q(o) = o**2. Let a(s) = -s**2 + 8*s + 17. Let h(u) = -a(u) - 2*q(u). Let p = 553205 - 553212. Determine h(p).
-10
Let j(p) = p - 133 + 133. Let l(u) be the second derivative of 4*u**3/3 - 23*u**2/2 - 21*u. Let g be l(3). Calculate j(g).
1
Suppose -3*s - 98*i = -95*i, -2*i = -3*s. Let n(f) be the second derivative of 1/20*f**5 - 1/4*f**4 - 19*f - 1/2*f**3 + 0*f**2 + s. What is n(4)?
4
Let j be ((-7)/(84/18))/((-2)/4). Let n(a) = 13*a**2 + 5*a**3 - a**3 - j - 5*a**3 + 15*a - 4. What is n(14)?
7
Let l = 72 + -87. Let w be ((30/(-6))/l)/((-1)/9). Let u be (-12)/(-2) - (w + 3). Let v(q) = -q**3 + 6*q**2 - q + 1. What is v(u)?
-5
Suppose 234*q + q = -243*q - 1912. Let r(f) = -5*f + 2*f - 11 + f. Determine r(q).
-3
Suppose -282 = 14*t - 268. Let j(c) be the second derivative of 3*c + 2*c**3 + 0*c**3 + c**3 - 4*c**3. Give j(t).
6
Let c be (84/(-210))/(1/(85/(-2))). Let v be -3 + c/((-34)/12). Let p(w) = -w**2 - 9*w - 10. Calculate p(v).
-10
Let j(h) be the first derivative of -h**6/120 - h**5/60 - 23*h**2 - 14. Let d(s) be the second derivative of j(s). Let n = 4 - 4. Determine d(n).
0
Let y be (27/2)/(-3)*4/6. Let p(q) be the first derivative of -q**2/2 - q + 375. What is p(y)?
2
Let r(k) be the first derivative of k**6/120 - 7*k**5/60 + k**4/12 - 4*k**3/3 - 71*k**2 - 152. Let u(b) be the second derivative of r(b). What is u(7)?
6
Let m = -300 + 307. Suppose 5*d - 10 = 5*g + 15, 0 = -5*g - 4*d - m. Let j(r) = -r**3 + 3*r**2 + 3. What is j(g)?
57
Suppose -14*x = -2*x - 120. Suppose -2*h = -0 - x. Let s(a) = -2 - 5*a - h + 12*a - a**2. Give s(7).
-7
Let i(q) = -3*q + 14. Suppose -5*k + 2*d + 982 = 0, -4*d - 110 = -2*k + 270. Let u be (-5 + 0)*k/(-165). What is i(u)?
-4
Let i(q) = 6*q**3 - q**2 + 3*q - 2. Let y be 9/3 + 0 + -438 + 436. Give i(y).
6
Let f(o) = -10*o + 8. Suppose -15*i + 492 = -460*i - 3068. Calculate f(i).
88
Let t(g) be the second derivative of g**4/12 - g**3/2 - g**2/2 - 580*g. Dete